l. What is the tens digit of l?
1
Let y be -1*(0 + 2) - -2. Suppose y = -5*t + 5 - 0. Let v = t - -3. What is the units digit of v?
4
What is the units digit of 15*((-25)/15 - -2)?
5
Let c = -2 - -1. Let g = 4 + 2. Let a = c + g. What is the units digit of a?
5
Suppose 3*n - 6*n = 0. What is the units digit of (n + -2)*(-3 - 1)?
8
Let z = 411 + -179. What is the tens digit of z?
3
Suppose 0 = g - 0*g - 24. What is the units digit of 34/119 + g/14?
2
Let c(o) be the third derivative of -o**7/5040 - o**6/360 - o**5/30 - 2*o**2. Let n(a) be the third derivative of c(a). What is the units digit of n(-6)?
4
Let f be -12*((-5)/(-2) + 1). Let i = f - -12. What is the units digit of ((-2)/(-4))/((-3)/i)?
5
Let k = 54 + 12. What is the tens digit of k?
6
Let z be (-15)/(-6)*(1 - -1). Suppose -21 = -z*r + 34. Let m = -6 + r. What is the units digit of m?
5
Let t = 79 - 29. Suppose -8*h + t = -3*h. Suppose -p + 13 = -4*s, -p - 3*p + 2*s + h = 0. What is the units digit of p?
1
Let s = -2 - -3. What is the units digit of s?
1
Suppose -u - 6 = u. What is the units digit of (3/2)/(u/(-4))?
2
Suppose -4*y = 4*d - 12 - 12, 3*d = -4*y + 25. What is the units digit of y?
7
Let p be 6*-3*3/(-54). Let z(y) = 43*y**3 + 1. Let g be z(p). Let q = g - 26. What is the units digit of q?
8
Suppose 0 = -4*b + 3*k + 28, -b + 4 = -4*k - 3. Suppose -c + 4 = -b. What is the units digit of c?
1
Let d(k) = k**3 - 10*k**2 + 8*k + 12. Suppose 0 = -p + 5*p - 4*v - 56, -3 = -2*p - 3*v. What is the units digit of d(p)?
3
Let w(s) = s + 1. Suppose -f + 26 = -0*z - 4*z, 2*f - 37 = 5*z. Let i be w(f). Suppose 5*l - 57 + i = 0. What is the units digit of l?
0
Let w(q) = -4*q + 1. Let a be w(-1). Let l = -5 + a. Suppose 5*h + 2*g - 7 = -l, 0 = -5*g + 5. What is the units digit of h?
1
Suppose -4*o + 0 = 4. Let q(j) = 3 - 10*j**3 + j**2 + 2*j - 2 + j**3. What is the units digit of q(o)?
9
Let i = -4 - -6. Suppose -f = i*f. What is the units digit of f - (-6)/2 - 1?
2
Let d(u) = -3*u**3 + 2*u**2 + u + 6. What is the tens digit of d(-4)?
2
Suppose 0 = -4*o - 3 + 31. Suppose -o = g - 2*g. Suppose -g*c = -4*p - 2*c + 58, -p + 2*c = -16. What is the tens digit of p?
1
Let p be (-79)/(-4) - (-8)/32. Suppose -x + 6*x = 4*h - p, 4*x = h - 5. What is the units digit of 1*(6/3 + x)?
2
Suppose 8 - 28 = -5*o. Let u be o/8*0/2. Suppose u = 4*g - 7 - 61. What is the units digit of g?
7
Let c(k) = k**3 + k + 6. Let o be c(0). Suppose -o = -g - 0. Let i = -5 + g. What is the units digit of i?
1
Let o be (3 - 0)*15/9. Suppose 60 = -0*g + o*g. What is the units digit of g?
2
Let d be ((-2)/4*-10)/1. Suppose 2*w - 30 = d*l, 3 = -l - 0*l + w. Let y(v) = -v**2 - 9*v + 2. What is the tens digit of y(l)?
1
Suppose -4*a + 74 = -470. What is the hundreds digit of a?
1
Let x = 107 + -55. What is the tens digit of x?
5
Let p be (14/(-21))/(1/(-3)). Suppose 10 - 38 = -p*x. What is the tens digit of x?
1
Suppose 3*s - 86 = -2*o, -o - 4*o - 2*s = -237. What is the tens digit of o?
4
Suppose 5*q + 35 = -45. Let i = q - -24. What is the units digit of i?
8
Let b = 30 - 18. Suppose -3*p = -p - b. Let q = p + -5. What is the units digit of q?
1
Suppose -5*l = -8*l + 9. Suppose 0 = 3*z + 2*w - 11, z = l*z - w - 5. Suppose -19 = -z*o - 7, o + 64 = 4*h. What is the units digit of h?
7
Suppose -2*v = 4*m - 690, -5*v + 1733 = 4*m - 2*m. What is the tens digit of v?
4
Suppose -13*f = v - 8*f - 203, -884 = -4*v + 4*f. What is the hundreds digit of v?
2
Let n = 39 + -19. Let o = n - 10. What is the tens digit of o?
1
Let x = 34 + 7. What is the tens digit of x?
4
Let i(l) = -4*l - 4. Let p(k) = -8*k - 7. Let o(n) = -5*i(n) + 3*p(n). Suppose -11 = -7*r - 32. What is the tens digit of o(r)?
1
Let o = 7 - -2. Suppose p = -3*c - 4*p + 30, 2*p = 3*c - o. Suppose c*g + 25 = 0, r = -g + 5*g + 25. What is the units digit of r?
5
Suppose 0*s = i - 4*s - 2, 0 = 2*i - 3*s - 24. What is the units digit of (-4)/i + 454/18?
5
Let b(t) = -t + 3. Let q be b(3). Suppose q = 4*m + 20, -i + 5*i = -5*m + 7. What is the units digit of i?
8
Suppose 4*o - 462 = o. What is the hundreds digit of o?
1
Suppose p = -2*x + 272, -x + 5*p + 147 = -0*p. What is the units digit of x?
7
Let f = 93 - -3. What is the units digit of f?
6
Let l be -7*1/7*-2. Suppose 5*x + 3*w = -4, -4*x + l*w - 8 = 6*w. What is the units digit of x?
1
Let z = 16 + 123. What is the units digit of z?
9
Suppose 2*t + 3*t - 10 = 0. What is the tens digit of (-484)/(-24) + t/(-12)?
2
Let j(y) = -y + 19. Let l = -11 + 11. What is the units digit of j(l)?
9
Suppose 0 = 4*n + 3*q + 20, -2*n - 25 = 5*q - 1. What is the units digit of -1 + 2 + 5 + n?
4
Let y be 1/4*(-5 + 1). Let h(g) = -3*g**3 - g - 1. What is the units digit of h(y)?
3
Suppose -6*o = -3*o - 2*c - 1292, 2*o - 2*c - 864 = 0. What is the hundreds digit of o?
4
Suppose 7 = 2*p - 31. What is the units digit of p?
9
Let c(j) = j**2 - 12*j + 22. What is the units digit of c(13)?
5
Let u = -5 + 8. Suppose u*n - 2*q + 11 = 3*q, -4*q + 25 = 3*n. What is the units digit of n?
3
Let m be 6/(-42) - 114/(-14). What is the tens digit of (-5)/((-2)/(-2 + m))?
1
Suppose 0*t - 3*z = 2*t - 90, 0 = -3*t + 2*z + 135. What is the units digit of t?
5
Suppose -364 = 2*d - 896. What is the tens digit of d?
6
Let y be 0 - 8/(-4) - 18. Let a = 20 - -6. Let s = a + y. What is the units digit of s?
0
Let a = -11 + 38. What is the tens digit of a?
2
Let r(l) = -l - 2. Let d be r(0). Let w be (-51)/(-2)*d/(-3). Let q = 25 - w. What is the units digit of q?
8
Let n be -2 - 0 - (-52)/1. Suppose n = 5*q + y - 2*y, -4*q + 3*y + 51 = 0. What is the units digit of q?
9
Let h = 75 + -42. Suppose -h = -2*f + 17. What is the units digit of f?
5
Let j be ((-2)/1 - 0)*-2. Suppose 3*i + 2*y - 3 - 7 = 0, -2*y = -3*i + 26. Suppose -5*d + 10 = -b, j*b = 3*d + 2*b - i. What is the units digit of d?
2
Let i be 9/3 - (10 - 0). Let r be 8/(-28) + 775/i. What is the units digit of (-1)/3 - r/9?
2
Let s = 8 + -4. What is the tens digit of (s/(-3))/((-22)/297)?
1
Let l(d) be the second derivative of -d**5/10 + d**4/6 - d**3/3 + 3*d**2/2 - 3*d. Let y be l(2). What is the units digit of (2 - 6)*y/12?
3
Let a(b) be the first derivative of -b**2/2 + 2*b - 2. What is the units digit of a(-4)?
6
Let x(z) = -z**3 - 4*z**2 + 8*z + 6. Let m be x(-5). Let p = -17 - m. Let h(r) = -r**3 - 9*r**2 - 9*r + 3. What is the tens digit of h(p)?
1
Let m(i) = 9*i**3 + 2*i**2 - i. Suppose 21 = -3*r - q - 15, 4*q = 0. Let f be -4*-1*(-3)/r. What is the tens digit of m(f)?
1
Let w = 13 - -1. What is the units digit of w?
4
Let r = 17 - 19. Let q(x) = -14*x. What is the units digit of q(r)?
8
Suppose 2*r + 144 = 6*r. Let z = 106 - 75. Suppose -5*p + 4*c = -z, -4*c = -5*p - 5*c + r. What is the units digit of p?
7
Let p be 3/(-1)*(-25)/15. Suppose j + 5*n + 30 = 0, 0 = 5*j - 3*j + p*n + 35. What is the units digit of (j/((-15)/(-42)))/(-2)?
7
Let i = 48 + 7. What is the tens digit of i?
5
Let t(q) = -q**2 + 15*q + 1. What is the tens digit of t(14)?
1
Let l = 105 - 30. Suppose m = o + 17 - 6, -5*m + o = -l. What is the tens digit of m?
1
Suppose 9 - 2 = -z + 2*o, 4*z + 4*o = 32. Suppose -42 = n - z*n. What is the tens digit of n?
2
Suppose 0 = 5*d - 56 - 9. Let z = 23 - d. What is the tens digit of z?
1
Let t(q) = 7*q**2. Let k be t(2). Suppose -4*d - 2*w + 44 = 0, 3*d - w = -5*w + k. What is the units digit of d?
2
Let u(k) = 6*k**2 - 5 + 2 + 4*k + 1 + k**3. Let m be u(-5). Suppose m*b + n - 23 = 0, -3*n - 8 = -4*b + 14. What is the units digit of b?
7
Suppose 0 = 4*o + o + 3*s - 33, 3*o - 13 = 5*s. Let f be (-4 - o)/(1 - 3). Suppose 2*t + 3*g = 16, 2*t + 16 = -0*t + f*g. What is the units digit of t?
2
Suppose g = -2*w - 14, -5*g = w - 6*w + 10. Let i(q) = q**2 + 2*q - 5. What is the units digit of i(g)?
9
What is the tens digit of 3 - -44 - (-4)/(-1)?
4
Let h(k) = -3*k + 2. Let f be h(-2). Let p = f - 4. What is the units digit of p?
4
Let g = 24 + -21. What is the tens digit of ((-290)/(-6))/5*g?
2
Let k(x) = -x**3 - x - 7*x**2 - x**2 + 2*x**2. Suppose m + 16 + 7 = -4*u, -5*u + 5*m = 35. What is the units digit of k(u)?
6
Let w(t) = 2 - 3*t + 25*t**2 - 4*t**2 + 4*t. What is the units digit of w(-1)?
2
Suppose 6*p + 116 = 2*d + p, -5*p - 63 = -d. Let o = d - 27. What is the tens digit of o?
2
L